at is the thousands digit of 1988416?
8
What is the thousands digit of 241806?
1
What is the hundreds digit of 4564611?
6
What is the hundreds digit of 561498?
4
What is the units digit of 828042?
2
What is the ten thousands digit of 77872?
7
What is the millions digit of 13541607?
3
What is the hundred thousands digit of 19002494?
0
What is the hundreds digit of 710043?
0
What is the hundred thousands digit of 326215?
3
What is the units digit of 1787999?
9
What is the hundreds digit of 2594613?
6
What is the thousands digit of 25603057?
3
What is the ten thousands digit of 10059276?
5
What is the ten thousands digit of 600763?
0
What is the thousands digit of 131677?
1
What is the hundreds digit of 21710430?
4
What is the millions digit of 6880144?
6
What is the thousands digit of 2509800?
9
What is the ten thousands digit of 95267?
9
What is the hundreds digit of 650359?
3
What is the hundred thousands digit of 273628?
2
What is the hundreds digit of 588406?
4
What is the units digit of 319934?
4
What is the tens digit of 7044426?
2
What is the hundred thousands digit of 12101365?
1
What is the millions digit of 2275084?
2
What is the thousands digit of 8501764?
1
What is the tens digit of 3407488?
8
What is the tens digit of 5410595?
9
What is the hundreds digit of 5328782?
7
What is the units digit of 135380?
0
What is the ten thousands digit of 441564?
4
What is the ten thousands digit of 3780592?
8
What is the units digit of 14473342?
2
What is the hundreds digit of 4858754?
7
What is the ten thousands digit of 3947150?
4
What is the hundreds digit of 290937?
9
What is the thousands digit of 2348703?
8
What is the units digit of 374882?
2
What is the tens digit of 239529?
2
What is the hundred thousands digit of 1051069?
0
What is the thousands digit of 1468515?
8
What is the thousands digit of 132794?
2
What is the hundreds digit of 47701?
7
What is the hundred thousands digit of 17386764?
3
What is the units digit of 3572056?
6
What is the hundred thousands digit of 298693?
2
What is the hundreds digit of 7191398?
3
What is the units digit of 6499440?
0
What is the ten thousands digit of 70251?
7
What is the ten thousands digit of 2709179?
0
What is the thousands digit of 5257630?
7
What is the units digit of 49572?
2
What is the ten thousands digit of 14669509?
6
What is the hundreds digit of 177295?
2
What is the tens digit of 296120?
2
What is the tens digit of 487220?
2
What is the units digit of 17490?
0
What is the thousands digit of 38164611?
4
What is the units digit of 596329?
9
What is the units digit of 283086?
6
What is the thousands digit of 416249?
6
What is the hundreds digit of 709419?
4
What is the units digit of 2312682?
2
What is the hundred thousands digit of 4257478?
2
What is the thousands digit of 32167822?
7
What is the millions digit of 6569545?
6
What is the hundred thousands digit of 5234793?
2
What is the thousands digit of 13653909?
3
What is the hundred thousands digit of 4442835?
4
What is the ten thousands digit of 44738?
4
What is the units digit of 22931348?
8
What is the hundreds digit of 5214386?
3
What is the ten thousands digit of 423115?
2
What is the ten thousands digit of 34428?
3
What is the tens digit of 8170944?
4
What is the millions digit of 13274620?
3
What is the units digit of 5569839?
9
What is the ten thousands digit of 204476?
0
What is the units digit of 368755?
5
What is the hundreds digit of 367335?
3
What is the ten thousands digit of 1379583?
7
What is the ten thousands digit of 122662?
2
What is the hundreds digit of 2745012?
0
What is the units digit of 191569?
9
What is the tens digit of 204242?
4
What is the thousands digit of 1031898?
1
What is the tens digit of 104768?
6
What is the units digit of 7493244?
4
What is the units digit of 12103439?
9
What is the hundred thousands digit of 370185?
3
What is the units digit of 3394023?
3
What is the hundred thousands digit of 8477902?
4
What is the thousands digit of 6993434?
3
What is the millions digit of 30753643?
0
What is the thousands digit of 1900976?
0
What is the thousands digit of 1616662?
6
What is the hundreds digit of 1332872?
8
What is the units digit of 759023?
3
What is the hundred thousands digit of 2383582?
3
What is the hundred thousands digit of 2028214?
0
What is the ten thousands digit of 5670938?
7
What is the units digit of 1357477?
7
What is the tens digit of 606765?
6
What is the tens digit of 778746?
4
What is the hundred thousands digit of 417689?
4
What is the units digit of 3230761?
1
What is the hundreds digit of 8777170?
1
What is the tens digit of 3205819?
1
What is the tens digit of 494787?
8
What is the ten millions digit of 10083569?
1
What is the units digit of 18987652?
2
What is the hundred thousands digit of 420988?
4
What is the units digit of 5744360?
0
What is the hundred thousands digit of 1020829?
0
What is the millions digit of 13971133?
3
What is the hundreds digit of 2700467?
4
What is the hundreds digit of 410835?
8
What is the tens digit of 1469502?
0
What is the hundred thousands digit of 6038169?
0
What is the millions digit of 11190435?
1
What is the hundred thousands digit of 2697251?
6
What is the hundreds digit of 28760253?
2
What is the units digit of 286409?
9
What is the tens digit of 219066?
6
What is the hundred thousands digit of 1640670?
6
What is the hundreds digit of 72135?
1
What is the ten millions digit of 12496168?
1
What is the hundreds digit of 46954?
9
What is the hundred thousands digit of 116612?
1
What is the ten millions digit of 14810222?
1
What is the tens digit of 1765918?
1
What is the units digit of 101480?
0
What is the millions digit of 8521044?
8
What is the thousands digit of 153669?
3
What is the millions digit of 2057127?
2
What is the units digit of 17837528?
8
What is the ten thousands digit of 331250?
3
What is the units digit of 3154842?
2
What is the thousands digit of 436123?
6
What is the hundred thousands digit of 161433?
1
What is the thousands digit of 128374?
8
What is the hundreds digit of 499972?
9
What is the ten thousands digit of 40031?
4
What is the ten thousands digit of 9076978?
7
What is the hundreds digit of 6762910?
9
What is the tens digit of 7152234?
3
What is the hundreds digit of 26145715?
7
What is the tens digit of 31945?
4
What is the millions digit of 9771135?
9
What is the thousands digit of 7048544?
8
What is the millions digit of 1829254?
1
What is the hundred thousands digit of 527203?
5
What is the hundreds digit of 249726?
7
What is the tens digit of 594797?
9
What is the tens digit of 932744?
4
What is the millions digit of 16665938?
6
What is the thousands digit of 2085700?
5
What is the hundreds digit of 4172680?
6
What is the hundred thousands digit of 1838517?
8
What is the thousands digit of 202838?
2
What is the units digit of 103274?
4
What is the thousands digit of 32320?
2
What is the ten thousands digit of 3226035?
2
What is the hundreds digit of 125449?
4
What is the tens digit of 8507909?
0
What is the millions digit of 8486215?
8
What is the units digit of 175096?
6
What is the units digit of 502141?
1
What is the thousands digit of 3918576?
8
What is the millions digit of 32937142?
2
What is the thousands digit of 33572?
3
What is the thousands digit of 686973?
6
What is the ten thousands digit of 1317222?
1
What is the hundred thousands digit of 4070059?
0
What is the ten thousands digit of 9032138?
3
What is the thousands digit of 246934?
6
What is the hundred thousands digit of 21232345?
2
What is the ten thousands digit of 115486?
1
What is the units digit of 30801078?
8
What is the tens digit of 8645015?
1
What is the thousands digit of 311470?
1
What is the tens digit of 3337075?
7
What is the units digit of 127877?
7
What is the millions digit of 2377979?
2
What is the ten thousands digit of 1018752?
1
What is the millions digit of 4597224?
4
What is the hundred thousands digit of 174356?
1
What is the tens digit of 1277427?
2
What is the thousands digit of 1387186?
7
What is the thousands digit of 16246752?
6
What is the hundreds digit of 45354019?
0
What is the hundreds digit of 3375224?
2
What is the tens digit of 11492690?
9
What is the thousands digit of 113370?
3
What is the 